 Calculate b(-8).
35
Let x(o) = o**3 + 16*o**2 + 35*o - 192. Calculate x(-7).
4
Let a(q) = -2*q**2 - 72*q - 34. Calculate a(-34).
102
Let l(c) = 17*c**2 - 132*c - 32. Calculate l(8).
0
Let f(m) = -m**3 - 474*m**2 + 1425*m + 2. What is f(3)?
-16
Let l(z) = z**3 + 78*z**2 - 508*z - 178. Determine l(-84).
158
Let m(s) = -38*s + 3324. What is m(86)?
56
Let c(i) = -7*i**2 - 57*i - 15. What is c(-9)?
-69
Let p(b) = b**2 + 85*b + 765. What is p(-74)?
-49
Let j(n) = -2*n**3 - 89*n**2 - 39*n + 212. Determine j(-44).
-8
Let m(n) = -147*n - 31. What is m(0)?
-31
Let m(u) = -32*u - 63. Calculate m(-7).
161
Let u(g) = -6*g**2 + 25*g + 22. Give u(6).
-44
Let b(c) = 3*c + 130. Determine b(-51).
-23
Let i(a) = -72*a + 1814. What is i(25)?
14
Let m(c) = c**3 - 8*c**2 - 13*c + 24. What is m(9)?
-12
Let r(k) = 92*k + 2393. Calculate r(-26).
1
Let y(s) = -15*s**2 - 87*s + 17. Give y(-6).
-1
Let s(c) = -7*c**2 - 71*c - 175. Determine s(-4).
-3
Let d(v) = -76*v + 8747. What is d(116)?
-69
Let v(q) = q**3 + 34*q**2 + 64*q + 8. Determine v(-32).
8
Let n(v) = -57*v - 5835. What is n(-103)?
36
Let y(b) = -182*b - 116. Determine y(-1).
66
Let k(g) = -45*g**2 - 80*g + 79. Give k(1).
-46
Let y(c) = 5*c**2 - 366*c + 1697. What is y(5)?
-8
Let k(s) = s**2 - 30*s - 35. Give k(23).
-196
Let n(h) = 13*h**3 + 637*h**2 - 2*h - 90. Determine n(-49).
8
Let o(c) = -17*c - 95. Determine o(-4).
-27
Let x(g) = -13*g - 397. Calculate x(-27).
-46
Let r(n) = -n**3 - 19*n**2 - 81*n - 300. Calculate r(-14).
-146
Let n(c) = 1850*c - 79529. Determine n(43).
21
Let x(c) = 4*c**2 + 117*c + 416. Determine x(-25).
-9
Let w(p) = 28*p - 252. What is w(8)?
-28
Let z(m) = 102*m**2 - 2239*m - 80. Calculate z(22).
30
Let g(t) = 8*t**2 - 3*t - 44. Give g(-3).
37
Let c(i) = 2*i**2 - 907*i - 3664. Determine c(-4).
-4
Let x(m) = m**3 + 15*m**2 + 89*m + 823. Calculate x(-13).
4
Let k(y) = 83*y + 39. Calculate k(-4).
-293
Let c(m) = -3*m**3 + 53*m**2 + 18*m + 14. Determine c(18).
14
Let q(r) = r**3 + 26*r**2 - 234*r + 143. Determine q(-33).
242
Let k(l) = -5334*l + 165363. Give k(31).
9
Let s(r) = -r**2 - 7*r + 37. Calculate s(-11).
-7
Let a(n) = -n**2 + 73*n - 1094. Calculate a(16).
-182
Let r(a) = -1213*a + 32772. Give r(27).
21
Let r(l) = 18*l**2 - 157*l + 8. Give r(7).
-209
Let p(z) = 104*z + 827. Calculate p(-8).
-5
Let g(f) = -139*f**3 - 421*f**2 - 12*f - 11. Give g(-3).
-11
Let b(r) = -65*r - 66. Calculate b(-1).
-1
Let h(j) = 4223*j - 59108. Give h(14).
14
Let m(y) = -49*y**2 - 882*y + 27. What is m(-18)?
27
Let l(r) = -44*r - 227. Determine l(-6).
37
Let x(i) = i**2 - 52*i + 204. Give x(52).
204
Let j(a) = -a**3 + 5*a**2 + 84*a - 509. Calculate j(6).
-41
Let k(h) = -483*h + 4345. Determine k(9).
-2
Let s(g) = -33*g - 3265. Determine s(-100).
35
Let t(v) = -v**2 + 14*v + 277. Calculate t(-11).
2
Let h(n) = -2*n**2 - 49*n - 288. Determine h(-7).
-43
Let z(m) = m**3 - 33*m**2 - 39*m - 55. Give z(34).
-225
Let f(r) = -2*r**3 + 18*r**2 - 273*r + 1420. What is f(6)?
-2
Let x(r) = r**3 - 2*r**2 - 4*r - 12. What is x(5)?
43
Let t(d) = 2*d**3 + 73*d**2 + 37*d + 56. Calculate t(-36).
20
Let v(f) = -f**3 + f**2 + 20*f + 16. Give v(8).
-272
Let o(g) = 2*g**2 - 35*g - 195. Give o(22).
3
Let g(i) = i**3 + 17*i**2 - 26*i - 586. Calculate g(-16).
86
Let n(d) = 2*d**2 - 63*d + 25. Give n(30).
-65
Let v(w) = w**2 - 89*w - 1554. Give v(-15).
6
Let q(j) = -3*j**2 + 304*j - 7513. Calculate q(43).
12
Let u(x) = 6*x**2 - 2*x - 56. Give u(-3).
4
Let g(d) = d**2 - 38*d + 179. Determine g(8).
-61
Let f(l) = -l**3 - 19*l**2 - 73*l - 1. Determine f(-5).
14
Let o(j) = j**3 + 87*j**2 - 366*j - 175. Give o(-91).
7
Let r(q) = -16*q**3 + 35*q**2 + 8*q - 13. Determine r(2).
15
Let n(i) = -i**3 - 37*i**2 - 333*i - 42. Calculate n(-15).
3
Let t(j) = -3*j**2 + 133*j + 230. What is t(46)?
0
Let y(i) = 3*i**3 + 62*i**2 + 62*i + 407. What is y(-20)?
-33
Let r(x) = -929*x + 1870. Calculate r(2).
12
Let z(r) = -154*r - 1691. What is z(-11)?
3
Let o(n) = n**2 - 60*n + 659. Calculate o(44).
-45
Let z(p) = 80*p - 3836. Calculate z(48).
4
Let b(y) = y**3 + 57*y**2 + 14. Determine b(-57).
14
Let f(z) = -63526*z - 381151. Calculate f(-6).
5
Let k(t) = -8*t**3 - 594*t**2 + 448*t - 110. Calculate k(-75).
40
Let f(w) = w**3 - 4*w**2 - 236*w + 5. Give f(18).
293
Let i(p) = -p**2 - 65*p - 227. Determine i(-61).
17
Let w(l) = 72*l + 1099. What is w(-15)?
19
Let j(g) = 12*g**3 - 6*g**2 - 23*g - 31. Determine j(-2).
-105
Let n(p) = p**2 + 27*p - 109. Give n(-32).
51
Let p(z) = 92*z + 2620. Calculate p(-29).
-48
Let a(q) = 95*q - 7136. Give a(75).
-11
Let p(i) = i**3 - 2*i**2 - 91*i - 89. Give p(-8).
-1
Let l(j) = -160*j - 21790. What is l(-136)?
-30
Let j(f) = -32*f**2 + 255*f + 4. Calculate j(8).
-4
Let m(n) = 4*n**2 + 170*n - 18. What is m(-43)?
68
Let h(k) = 8*k**3 - 16*k**2 + 45*k - 8. Give h(2).
82
Let f(l) = -l**3 + 41*l**2 - 209*l - 8. Calculate f(6).
-2
Let d(n) = 3*n**3 - 146*n**2 - 48*n - 35. Determine d(49).
14
Let f(b) = 524*b + 3662. Calculate f(-7).
-6
Let q(n) = 3*n**3 + 28*n**2 + 89*n + 493. Calculate q(-8).
37
Let t(w) = -w**3 - 70*w**2 - 311*w + 918. What is t(-65)?
8
Let m(a) = -2*a**2 - 486*a + 4535. Give m(-252).
-1
Let a(i) = 5*i**3 + 22*i**2 + 20*i - 1. Calculate a(-3).
2
Let m(j) = -10*j**2 + 60*j - 63. What is m(9)?
-333
Let t(b) = -b**3 - 24*b**2 - 105*b - 10. Determine t(-6).
-28
Let l(i) = -306*i - 6729. Calculate l(-22).
3
Let x(i) = -i**3 - 110*i**2 - 105*i + 430. Calculate x(-109).
-6
Let c(i) = -12*i**2 - 236*i - 1154. What is c(-11)?
-10
Let q(f) = 28*f**3 - 85*f**2 + 11*f - 20. Calculate q(3).
4
Let y(b) = -12*b - 316. Give y(-22).
-52
Let p(o) = -25*o - 2123. Give p(-88).
77
Let a(b) = -10*b - 836. What is a(-84)?
4
Let y(w) = -10*w**2 + 136*w + 16. Calculate y(14).
-40
Let f(s) = 3*s**2 - 31*s + 32. What is f(9)?
-4
Let x(c) = -c**3 - 22*c**2 + 155*c + 550. Calculate x(-27).
10
Let q(a) = 56*a**2 - 2114*a - 523. Give q(38).
9
Let s(f) = 20*f**2 + 107*f - 41. Calculate s(-6).
37
Let p(i) = i**3 - 22*i**2 - 77*i - 18. What is p(25)?
-68
Let h(l) = -2*l**2 + 23*l + 143. What is h(-5)?
-22
Let f(q) = q**3 - 25*q**2 - 57*q + 94. Calculate f(27).
13
Let d(y) = 3*y**2 + 95*y - 1104. Give d(9).
-6
Let y(x) = 215*x - 1721. Calculate y(8).
-1
Let y(u) = 4*u**3 - 8*u**2 + 33*u - 108. Calculate y(3).
27
Let x(n) = 40*n - 478. Calculate x(13).
42
Let i(v) = -3*v**3 - 12*v**2 - 26*v - 6. Give i(-3).
45
Let a(o) = -4*o**2 + 55*o + 51. What is a(18)?
-255
Let y(c) = 3*c**2 - 106*c + 20. Determine y(34).
-116
Let z(r) = r**3 + 4*r**2 + 3*r - 17. What is z(-3)?
-17
Let p(m) = 32*m**2 - 768*m + 4. Calculate p(24).
4
Let n(z) = -282*z**2 + 3668*z - 15. Determine n(13).
11
Let u(b) = -b**3 - 60*b**2 - 172*b - 35. Give u(-57).
22
Let j(t) = 2*t**2 + 230*t - 1419. Determine j(6).
33
Let p(i) = -66*i - 1051. Give p(-14).
-127
Let s(a) = -4*a**3 - 95*a**2 - 74*a - 74. Give s(-23).
41
Let m(i) = 573*i + 1242. Determine m(-2).
96
Let u(w) = -13*w + 226. Determine u(7).
135
Let n(k) = -k**2 - 268*k + 1645. What is n(6)?
1
Let f(r) = -5*r**2 - 34*r - 36. Determine f(-11).
-267
Let k(g) = -17*g - 150. Calculate k(-9).
3
Let x(t) = -451*t - 10814. What is x(-24)?
10
Let c(r) = 73*r - 2512. What is c(33)?
-103
Let o(m) = -3*m**3 - 68*m**2 + 12*m - 269. Give o(-23).
-16
Let h(v) = 359*v - 1984. What is h(6)?
170
Let y(q) = -8*q**2 + 74*q - 230. Give y(3).
-80
Let m(g) = g**3 - 7*g**2 - 27*g - 11. What is m(10)?
19
Let g(r) = 3*r**3 + 84*r**2 + 80*r - 119. What is g(-27)?
-92
Let h(y) = y**3 - 11*y**2 - 43*y + 369. Calculate h(12).
-3
Let y(d) = d**2 + 79*d + 500. Give y(-70).
-130
Let r(v) = -4*v**2 + 12*v + 65. Calculate r(7).
-47
Let f(b) = 2*b**3 + 17*b**2 - 231*b - 2012. Determine f(-10).
-2
Let u(v) = -v**3 - 13*v**2 - v + 33. Calculate u(0).
33
Let d(s) = s**3 - 59*s**2 - 127*s + 299. Calculate d(61).
-6
Let u(j) = 58*j**2 - 13003*j + 2460. What is u(224)?
-4
Let u(d) = d**2 + 88*d - 273. What is u(3)?
0
Let y(r) = 55*r - 2594. Determine y(47).
-9
Let q(m) = 11*m**3 + 60*m**2 - 22*m - 9. What is q(-6)?
-93
Let y(r) = -2*r**3 + 51*r**2 + 25*r + 90. Determine y(26).
64
Let a(g) = -g**2 - 25*g + 434. What is a(-17)?
570
Let t(g) = -2*g**3 + 20*g**2 - 12*g + 1. Give t(1).
7
Let o(x) = -x**3 - 2*x**2 + 24*x - 5. Give o(3).
22
Let l(x) = -6*x**2